{"id":23,"date":"2019-10-09T08:50:04","date_gmt":"2019-10-09T08:50:04","guid":{"rendered":"http:\/\/stjohns-gospel.de\/?page_id=23"},"modified":"2019-11-26T09:39:15","modified_gmt":"2019-11-26T09:39:15","slug":"chorleitung","status":"publish","type":"page","link":"http:\/\/stjohns-gospel.de\/?page_id=23","title":{"rendered":"Chorleitung"},"content":{"rendered":"\n<p style=\"text-align:left\">Der gelernte Musik- und Erlebnisp\u00e4dagoge Fabian Sch\u00e4fer f\u00f6rdert und fordert den Chor mit dem notwendigen Gesp\u00fcr f\u00fcr das Wesentliche: der Spa\u00df an der Musik und &#8222;der Glauben an das, was wir da singen&#8220; stehen stets im Vordergrund.<\/p>\n\n\n\n<div class=\"wp-block-image\"><figure class=\"aligncenter is-resized\"><img loading=\"lazy\" decoding=\"async\" src=\"http:\/\/stjohns-gospel.de\/wp-content\/uploads\/2019\/10\/fabi-piano-1024x1024.jpg\" alt=\"\" class=\"wp-image-53\" width=\"211\" height=\"211\" srcset=\"http:\/\/stjohns-gospel.de\/wp-content\/uploads\/2019\/10\/fabi-piano-1024x1024.jpg 1024w, http:\/\/stjohns-gospel.de\/wp-content\/uploads\/2019\/10\/fabi-piano-150x150.jpg 150w, http:\/\/stjohns-gospel.de\/wp-content\/uploads\/2019\/10\/fabi-piano-300x300.jpg 300w, http:\/\/stjohns-gospel.de\/wp-content\/uploads\/2019\/10\/fabi-piano-768x768.jpg 768w, http:\/\/stjohns-gospel.de\/wp-content\/uploads\/2019\/10\/fabi-piano-850x850.jpg 850w, http:\/\/stjohns-gospel.de\/wp-content\/uploads\/2019\/10\/fabi-piano.jpg 1565w\" sizes=\"auto, (max-width: 211px) 100vw, 211px\" \/><\/figure><\/div>\n\n\n\n<p>Nach seiner Ausbildung zum Jugend- und Heimerzieher studierte Fabian Sch\u00e4fer Jazz- und Popularmusik in den F\u00e4chern Klavier und Gesang am Music College in Regensburg. In Rahmen dieses Studiums erlangte der Musiker auch die Bef\u00e4higung zum Bandcoach und Chorleiter. Es folgten zahlreiche Fortbildungen und Workshops in den Bereichen Musikp\u00e4dagogik, Songwriting und Arrangement.<\/p>\n\n\n\n<p>In den laufenden Jahren entdeckte er immer mehr seinen tiefen Bezug zum Thema Gospel und sein Verlangen, diese Musik authentisch und ohne Show zu leben und das Publikum erleben zu lassen. In seiner Arbeit als selbst\u00e4ndiger Tontechniker und Coach f\u00f6rdert Sch\u00e4fer vor allem junge Talente und kitzelt so auch aus dem Chor immer wieder neue Solistinnen und Solisten heraus.<\/p>\n\n\n\n<p>Au\u00dferhalb seiner T\u00e4tigkeit als Chorleiter bietet Fabian Sch\u00e4fer Wochenend-Workshops zum Thema &#8222;Gospel&#8220; an und ist mit eigenen Musikprojekten auf der B\u00fchne zu erleben. Au\u00dferdem ist er selbst\u00e4ndig als Tontechniker und Fotograf t\u00e4tig.<\/p>\n","protected":false},"excerpt":{"rendered":"<p>Der gelernte Musik- und Erlebnisp\u00e4dagoge Fabian Sch\u00e4fer f\u00f6rdert und fordert den Chor mit dem notwendigen Gesp\u00fcr f\u00fcr das Wesentliche: der Spa\u00df an der Musik und &#8222;der Glauben an das, was wir da singen&#8220; stehen stets im Vordergrund. Nach seiner Ausbildung zum Jugend- und Heimerzieher studierte Fabian Sch\u00e4fer Jazz- und Popularmusik in den F\u00e4chern Klavier und&#8230;<\/p>\n","protected":false},"author":1,"featured_media":0,"parent":20,"menu_order":2,"comment_status":"closed","ping_status":"closed","template":"","meta":{"footnotes":""},"class_list":["post-23","page","type-page","status-publish","hentry"],"_links":{"self":[{"href":"http:\/\/stjohns-gospel.de\/index.php?rest_route=\/wp\/v2\/pages\/23","targetHints":{"allow":["GET"]}}],"collection":[{"href":"http:\/\/stjohns-gospel.de\/index.php?rest_route=\/wp\/v2\/pages"}],"about":[{"href":"http:\/\/stjohns-gospel.de\/index.php?rest_route=\/wp\/v2\/types\/page"}],"author":[{"embeddable":true,"href":"http:\/\/stjohns-gospel.de\/index.php?rest_route=\/wp\/v2\/users\/1"}],"replies":[{"embeddable":true,"href":"http:\/\/stjohns-gospel.de\/index.php?rest_route=%2Fwp%2Fv2%2Fcomments&post=23"}],"version-history":[{"count":5,"href":"http:\/\/stjohns-gospel.de\/index.php?rest_route=\/wp\/v2\/pages\/23\/revisions"}],"predecessor-version":[{"id":77,"href":"http:\/\/stjohns-gospel.de\/index.php?rest_route=\/wp\/v2\/pages\/23\/revisions\/77"}],"up":[{"embeddable":true,"href":"http:\/\/stjohns-gospel.de\/index.php?rest_route=\/wp\/v2\/pages\/20"}],"wp:attachment":[{"href":"http:\/\/stjohns-gospel.de\/index.php?rest_route=%2Fwp%2Fv2%2Fmedia&parent=23"}],"curies":[{"name":"wp","href":"https:\/\/api.w.org\/{rel}","templated":true}]}}

<p style="text-align:left">Der gelernte Musik- und Erlebnispädagoge Fabian Schäfer fördert und fordert den Chor mit dem notwendigen Gespür für das Wesentliche: der Spaß an der Musik und &#8222;der Glauben an das, was wir da singen&#8220; stehen stets im Vordergrund.</p>



<div class="wp-block-image"><figure class="aligncenter is-resized"><img loading="lazy" decoding="async" src="http://stjohns-gospel.de/wp-content/uploads/2019/10/fabi-piano-1024x1024.jpg" alt="" class="wp-image-53" width="211" height="211" srcset="http://stjohns-gospel.de/wp-content/uploads/2019/10/fabi-piano-1024x1024.jpg 1024w, http://stjohns-gospel.de/wp-content/uploads/2019/10/fabi-piano-150x150.jpg 150w, http://stjohns-gospel.de/wp-content/uploads/2019/10/fabi-piano-300x300.jpg 300w, http://stjohns-gospel.de/wp-content/uploads/2019/10/fabi-piano-768x768.jpg 768w, http://stjohns-gospel.de/wp-content/uploads/2019/10/fabi-piano-850x850.jpg 850w, http://stjohns-gospel.de/wp-content/uploads/2019/10/fabi-piano.jpg 1565w" sizes="auto, (max-width: 211px) 100vw, 211px" /></figure></div>



<p>Nach seiner Ausbildung zum Jugend- und Heimerzieher studierte Fabian Schäfer Jazz- und Popularmusik in den Fächern Klavier und Gesang am Music College in Regensburg. In Rahmen dieses Studiums erlangte der Musiker auch die Befähigung zum Bandcoach und Chorleiter. Es folgten zahlreiche Fortbildungen und Workshops in den Bereichen Musikpädagogik, Songwriting und Arrangement.</p>



<p>In den laufenden Jahren entdeckte er immer mehr seinen tiefen Bezug zum Thema Gospel und sein Verlangen, diese Musik authentisch und ohne Show zu leben und das Publikum erleben zu lassen. In seiner Arbeit als selbständiger Tontechniker und Coach fördert Schäfer vor allem junge Talente und kitzelt so auch aus dem Chor immer wieder neue Solistinnen und Solisten heraus.</p>



<p>Außerhalb seiner Tätigkeit als Chorleiter bietet Fabian Schäfer Wochenend-Workshops zum Thema &#8222;Gospel&#8220; an und ist mit eigenen Musikprojekten auf der Bühne zu erleben. Außerdem ist er selbständig als Tontechniker und Fotograf tätig.</p>

<p>Der gelernte Musik- und Erlebnispädagoge Fabian Schäfer fördert und fordert den Chor mit dem notwendigen Gespür für das Wesentliche: der Spaß an der Musik und &#8222;der Glauben an das, was wir da singen&#8220; stehen stets im Vordergrund. Nach seiner Ausbildung zum Jugend- und Heimerzieher studierte Fabian Schäfer Jazz- und Popularmusik in den Fächern Klavier und&#8230;</p>
