{"id":86,"date":"2019-10-10T07:06:22","date_gmt":"2019-10-10T07:06:22","guid":{"rendered":"http:\/\/stjohns-gospel.de\/?page_id=86"},"modified":"2019-12-03T14:32:15","modified_gmt":"2019-12-03T14:32:15","slug":"media","status":"publish","type":"page","link":"https:\/\/stjohns-gospel.de\/?page_id=86","title":{"rendered":"Unser Chor"},"content":{"rendered":"\n<p><strong>An einem Wochenende im November 2014<\/strong> fand in der evang. Johanneskirche in Mering ein Gospelworkshop unter der Leitung von Fabian Sch\u00e4fer statt. Ein Wochenende lang unter dem Thema Gospel: singen, klatschen, tanzen, erleben &#8211; mit einem abschlie\u00dfenden Konzert am Sonntag Abend. Nachhaltig, denn dieses Konzert war die Geburtsstunde des Gospelchores der sich den Namen der Kirche auch zu seinem Namen machte. <\/p>\n\n\n\n<p>Schon bald war mit den temperamentvollen <strong>Gospelsongs aus dem amerikanischen S\u00fcden<\/strong> der Stil-Schwerpunkt des Chores gefunden, als Vorbilder dienen die St\u00fccke des Mississippi-Mass-Choir, des Georgia-Mass-Choir sowie anderen Ch\u00f6ren aus den USA. Speziell f\u00fcr den Chor von Fabian Sch\u00e4fer angefertigte Arrangements lassen jedoch die Songs v\u00f6llig neu auferstehen und rei\u00dfen bei den Gospelchurches sowohl Chor als auch Publikum gleicherma\u00dfen mit.<\/p>\n\n\n\n<p>Bisherige Highlights waren Auftritte im Rahmen der Chorfahrten nach <strong>Hamburg (Lukaskirche Fuhlsb\u00fcttel)<\/strong> sowie nach <strong>Rimini (Dom zu Rimini) <\/strong>sowie ein gemeinsames Konzert mit der amerikanischen Gospel-Queen <strong>Deborah Woodson<\/strong> aus K\u00f6ln in Mering St.Afra. <\/p>\n\n\n\n<p>Im St.John&#8217;s Gospelchor kann jeder mitsingen, der Freude am Gospel hat. Es sind keine musikalischen Vorkenntnisse erforderlich, die Songs werden komplett ohne Noten einstudiert. <\/p>\n","protected":false},"excerpt":{"rendered":"<p>An einem Wochenende im November 2014 fand in der evang. Johanneskirche in Mering ein Gospelworkshop unter der Leitung von Fabian Sch\u00e4fer statt. Ein Wochenende lang unter dem Thema Gospel: singen, klatschen, tanzen, erleben &#8211; mit einem abschlie\u00dfenden Konzert am Sonntag Abend. Nachhaltig, denn dieses Konzert war die Geburtsstunde des Gospelchores der sich den Namen der&#8230;<\/p>\n","protected":false},"author":1,"featured_media":0,"parent":20,"menu_order":1,"comment_status":"closed","ping_status":"closed","template":"","meta":{"footnotes":""},"class_list":["post-86","page","type-page","status-publish","hentry"],"_links":{"self":[{"href":"https:\/\/stjohns-gospel.de\/index.php?rest_route=\/wp\/v2\/pages\/86","targetHints":{"allow":["GET"]}}],"collection":[{"href":"https:\/\/stjohns-gospel.de\/index.php?rest_route=\/wp\/v2\/pages"}],"about":[{"href":"https:\/\/stjohns-gospel.de\/index.php?rest_route=\/wp\/v2\/types\/page"}],"author":[{"embeddable":true,"href":"https:\/\/stjohns-gospel.de\/index.php?rest_route=\/wp\/v2\/users\/1"}],"replies":[{"embeddable":true,"href":"https:\/\/stjohns-gospel.de\/index.php?rest_route=%2Fwp%2Fv2%2Fcomments&post=86"}],"version-history":[{"count":3,"href":"https:\/\/stjohns-gospel.de\/index.php?rest_route=\/wp\/v2\/pages\/86\/revisions"}],"predecessor-version":[{"id":98,"href":"https:\/\/stjohns-gospel.de\/index.php?rest_route=\/wp\/v2\/pages\/86\/revisions\/98"}],"up":[{"embeddable":true,"href":"https:\/\/stjohns-gospel.de\/index.php?rest_route=\/wp\/v2\/pages\/20"}],"wp:attachment":[{"href":"https:\/\/stjohns-gospel.de\/index.php?rest_route=%2Fwp%2Fv2%2Fmedia&parent=86"}],"curies":[{"name":"wp","href":"https:\/\/api.w.org\/{rel}","templated":true}]}}